{"id":12134,"date":"2017-09-12T15:20:31","date_gmt":"2017-09-12T13:20:31","guid":{"rendered":"https:\/\/sosanimauxfrance.org\/?page_id=12134"},"modified":"2017-10-01T21:28:09","modified_gmt":"2017-10-01T19:28:09","slug":"mentions-legales","status":"publish","type":"page","link":"https:\/\/sosanimauxfrance.org\/?page_id=12134","title":{"rendered":"Mentions l\u00e9gales"},"content":{"rendered":"<h3>Responsable du site<\/h3>\n<p>Ce site est \u00e9dit\u00e9 par l&rsquo;association ANTAC.<br \/>\nLe responsable de la publication est Mr Henri Barbe.<\/p>\n<p>Association ANTAC<br \/>\nBP 243<br \/>\n47006 AGEN CEDEX<\/p>\n<p>Siret :\u00a0385 234 836 00026<\/p>\n<h3>Cr\u00e9ation du site<\/h3>\n<p>L&rsquo;int\u00e9gration et le d\u00e9veloppement du site ont \u00e9t\u00e9 mis en place par l&rsquo;entreprise <a href=\"http:\/\/www.spheerys.fr\">Spheerys<\/a>.<\/p>\n<h3>H\u00e9bergement<\/h3>\n<p>Le site est h\u00e9berg\u00e9 par l&rsquo;entreprise <a href=\"http:\/\/www.spheerys.fr\">Spheerys<\/a>.<\/p>\n<p>6 rue du Pressoir<br \/>\n11190 Luc-sur-Aude<\/p>\n<p><i class=\"flaticon-phone\"><\/i> 04 86 51 73 00<br \/>\n<i class=\"flaticon-mail\"><\/i> contact@spheerys.fr<\/p>\n","protected":false},"excerpt":{"rendered":"<p>Responsable du site Ce site est \u00e9dit\u00e9 par l&rsquo;association ANTAC. Le responsable de la publication est Mr Henri Barbe. Association ANTAC BP 243 47006 AGEN CEDEX Siret :\u00a0385 234 836 00026 Cr\u00e9ation du site L&rsquo;int\u00e9gration et le d\u00e9veloppement du site ont \u00e9t\u00e9 mis en place par l&rsquo;entreprise Spheerys. H\u00e9bergement Le site est h\u00e9berg\u00e9 par l&rsquo;entreprise Spheerys. [&hellip;]<\/p>\n","protected":false},"author":1,"featured_media":0,"parent":0,"menu_order":100,"comment_status":"closed","ping_status":"closed","template":"","meta":{"footnotes":""},"class_list":["post-12134","page","type-page","status-publish","hentry"],"_links":{"self":[{"href":"https:\/\/sosanimauxfrance.org\/index.php?rest_route=\/wp\/v2\/pages\/12134","targetHints":{"allow":["GET"]}}],"collection":[{"href":"https:\/\/sosanimauxfrance.org\/index.php?rest_route=\/wp\/v2\/pages"}],"about":[{"href":"https:\/\/sosanimauxfrance.org\/index.php?rest_route=\/wp\/v2\/types\/page"}],"author":[{"embeddable":true,"href":"https:\/\/sosanimauxfrance.org\/index.php?rest_route=\/wp\/v2\/users\/1"}],"replies":[{"embeddable":true,"href":"https:\/\/sosanimauxfrance.org\/index.php?rest_route=%2Fwp%2Fv2%2Fcomments&post=12134"}],"version-history":[{"count":4,"href":"https:\/\/sosanimauxfrance.org\/index.php?rest_route=\/wp\/v2\/pages\/12134\/revisions"}],"predecessor-version":[{"id":12193,"href":"https:\/\/sosanimauxfrance.org\/index.php?rest_route=\/wp\/v2\/pages\/12134\/revisions\/12193"}],"wp:attachment":[{"href":"https:\/\/sosanimauxfrance.org\/index.php?rest_route=%2Fwp%2Fv2%2Fmedia&parent=12134"}],"curies":[{"name":"wp","href":"https:\/\/api.w.org\/{rel}","templated":true}]}}