{"id":11955,"date":"2017-02-21T22:25:00","date_gmt":"2017-02-21T21:25:00","guid":{"rendered":"http:\/\/sosanimauxfrance.org\/?page_id=11955"},"modified":"2017-09-14T09:58:31","modified_gmt":"2017-09-14T07:58:31","slug":"le-vol-des-chiens-et-des-chats-en-france-et-ses-mystifications","status":"publish","type":"page","link":"https:\/\/sosanimauxfrance.org\/?page_id=11955","title":{"rendered":"Le vol des chiens et des chats en France et ses mystifications"},"content":{"rendered":"<div class=\"fusion-fullwidth fullwidth-box fusion-builder-row-1 hundred-percent-fullwidth non-hundred-percent-height-scrolling\" style=\"--awb-border-radius-top-left:0px;--awb-border-radius-top-right:0px;--awb-border-radius-bottom-right:0px;--awb-border-radius-bottom-left:0px;--awb-overflow:visible;\" ><div class=\"fusion-builder-row fusion-row\"><div class=\"fusion-layout-column fusion_builder_column fusion-builder-column-0 fusion_builder_column_1_1 1_1 fusion-one-full fusion-column-first fusion-column-last fusion-column-no-min-height\" style=\"--awb-bg-size:cover;--awb-margin-top:0px;--awb-margin-bottom:0px;\"><div class=\"fusion-column-wrapper fusion-flex-column-wrapper-legacy\"><div class=\"fusion-text fusion-text-1\"><p><img decoding=\"async\" class=\"alignnone size-large wp-image-11950\" src=\"\/\/sosanimauxfrance.org\/wp-content\/uploads\/2017\/02\/trois-chiots-1024x640.jpg\" alt=\"\" width=\"1024\" height=\"640\" srcset=\"https:\/\/sosanimauxfrance.org\/wp-content\/uploads\/2017\/02\/trois-chiots-200x125.jpg 200w, https:\/\/sosanimauxfrance.org\/wp-content\/uploads\/2017\/02\/trois-chiots-300x188.jpg 300w, https:\/\/sosanimauxfrance.org\/wp-content\/uploads\/2017\/02\/trois-chiots-400x250.jpg 400w, https:\/\/sosanimauxfrance.org\/wp-content\/uploads\/2017\/02\/trois-chiots-600x375.jpg 600w, https:\/\/sosanimauxfrance.org\/wp-content\/uploads\/2017\/02\/trois-chiots-768x480.jpg 768w, https:\/\/sosanimauxfrance.org\/wp-content\/uploads\/2017\/02\/trois-chiots-800x500.jpg 800w, https:\/\/sosanimauxfrance.org\/wp-content\/uploads\/2017\/02\/trois-chiots-1024x640.jpg 1024w, https:\/\/sosanimauxfrance.org\/wp-content\/uploads\/2017\/02\/trois-chiots-1200x750.jpg 1200w, https:\/\/sosanimauxfrance.org\/wp-content\/uploads\/2017\/02\/trois-chiots.jpg 1920w\" sizes=\"(max-width: 1024px) 100vw, 1024px\" \/><\/p>\n<\/div><div class=\"fusion-sep-clear\"><\/div><div class=\"fusion-separator fusion-full-width-sep\" style=\"margin-left: auto;margin-right: auto;margin-top:10px;margin-bottom:10px;width:100%;\"><\/div><div class=\"fusion-sep-clear\"><\/div><div class=\"fusion-clearfix\"><\/div><\/div><\/div><div class=\"fusion-layout-column fusion_builder_column fusion-builder-column-1 fusion_builder_column_1_1 1_1 fusion-one-full fusion-column-first fusion-column-last fusion-column-no-min-height\" style=\"--awb-bg-size:cover;--awb-margin-top:0px;--awb-margin-bottom:0px;\"><div class=\"fusion-column-wrapper fusion-flex-column-wrapper-legacy\"><div class=\"fusion-title title fusion-title-1 fusion-title-text fusion-title-size-two\"><h2 class=\"title-heading-left fusion-responsive-typography-calculated\" style=\"margin:0;--fontSize:25;line-height:1.5;\">Une p\u00e9riode sans vols apr\u00e8s la Deuxi\u00e8me Guerre mondiale<\/h2><span class=\"awb-title-spacer\"><\/span><div class=\"title-sep-container\"><div class=\"title-sep sep-double sep-solid\" style=\"border-color:#e0dede;\"><\/div><\/div><\/div><div class=\"fusion-clearfix\"><\/div><\/div><\/div><div class=\"fusion-layout-column fusion_builder_column fusion-builder-column-2 fusion_builder_column_1_1 1_1 fusion-one-full fusion-column-first fusion-column-last fusion-column-no-min-height\" style=\"--awb-bg-size:cover;--awb-margin-top:0px;--awb-margin-bottom:0px;\"><div class=\"fusion-column-wrapper fusion-flex-column-wrapper-legacy\"><div class=\"fusion-text fusion-text-2\"><p>Les ann\u00e9es qui ont suivi la Deuxi\u00e8me Guerre mondiale ont \u00e9t\u00e9 une p\u00e9riode particuli\u00e8re puisque le vol massif et organis\u00e9 n\u2019existait pas pour plusieurs raisons, m\u00eame si les animaux de compagnie n\u2019\u00e9taient pas encore tatou\u00e9s.<\/p>\n<p>Effectivement chiens et chats n\u2019avaient aucune valeur marchande \u00e0 l\u2019\u00e9poque dans les campagnes fran\u00e7aises, et les transferts de propri\u00e9t\u00e9 \u00e9taient presque exclusivement des \u00e9changes non marchands : il \u00e9tait exceptionnel de payer un chien, \u00e0 fortiori un chat. Ceci d\u2019autant plus que le niveau de vie \u00e9tait tr\u00e8s bas apr\u00e8s 4 ann\u00e9es d\u2019occupation allemande. La recherche m\u00e9dicale \u00e9tait \u00e9galement beaucoup moins d\u00e9velopp\u00e9e : ses besoins \u00e9taient tr\u00e8s limit\u00e9s ainsi que ses moyens financiers. Il \u00e9tait donc relativement facile apr\u00e8s la Deuxi\u00e8me Guerre mondiale de se procurer un animal de compagnie sans bourse d\u00e9lier. <b>Qui donc aurait pu voler un animal sans valeur ?<\/b><\/p>\n<\/div><div class=\"fusion-title title fusion-title-2 fusion-title-text fusion-title-size-two\"><h2 class=\"title-heading-left fusion-responsive-typography-calculated\" style=\"margin:0;--fontSize:25;line-height:1.5;\">L\u2019approvisionnement des laboratoires en chiens et en chats<\/h2><span class=\"awb-title-spacer\"><\/span><div class=\"title-sep-container\"><div class=\"title-sep sep-double sep-solid\" style=\"border-color:#e0dede;\"><\/div><\/div><\/div><div class=\"fusion-text fusion-text-3\"><p>Depuis des d\u00e9cennies, des \u00ab cerveaux \u00bb ont consid\u00e9r\u00e9 qu\u2019il y avait beaucoup de \u00ab fric \u00e0 gagner \u00bb dans la fourniture d\u2019animaux de compagnie \u00e0 la centaine de laboratoires utilisant des chiens et \u00e0 la cinquantaine de laboratoires utilisant des chats.<\/p>\n<p>M\u00eame si des laboratoires de recherche ont des moyens financiers importants, <b>la solution la plus rentable est l\u2019utilisation de chiens et de chats vol\u00e9s qui permet \u00e0 des r\u00e9seaux mafieux de r\u00e9aliser des profits importants.<\/b><\/p>\n<p>Bien \u00e9videmment les PDG ou les chercheurs peuvent \u00e0 la limite ignorer tout du syst\u00e8me d\u2019approvisionnement ill\u00e9gal.<\/p>\n<p>Mais tout syst\u00e8me bien huil\u00e9 a ses failles qui sont toujours impr\u00e9visibles. Ainsi, le 08 octobre 1987 le principal pourvoyeur fran\u00e7ais d\u2019animaux de laboratoires, Jean-Claude Lessieux, a un accident de la circulation banal pr\u00e8s de Villeneuve sur lot avec son fourgon rempli de chiens vol\u00e9s. Comble de malchance pour lui, le garagiste charg\u00e9 du remorquage pr\u00e9vient les gendarmes et la fameuse affaire d\u2019AGEN commence.<\/p>\n<p>Pendant 3 ans, sous la direction du juge DAUX du TGI d\u2019Agen, les gendarmes vont enqu\u00eater, placer des \u00e9coutes t\u00e9l\u00e9phoniques, perquisitionner, mettre en garde \u00e0 vue, aller dans les minist\u00e8res.<\/p>\n<p>Un premier proc\u00e8s, puis une d\u00e9cision de la Cour de cassation, et un deuxi\u00e8me proc\u00e8s d\u00e9bouchent sur 19 condamnations dont celle du professeur Montastruc de Toulouse Rangueil en 1993 \u00e0 Bordeaux.<\/p>\n<p>Scandale \u00e9norme : <b>les autorit\u00e9s promettent tout et n\u2019importe quoi y compris que les laboratoires ne s\u2019approvisionneraient plus en chiens vol\u00e9s (c\u00e9l\u00e8bres promesse Curien).<\/b><\/p>\n<p>Mais l\u2019adage c\u00e9l\u00e8bre \u00ables promesses n\u2019engagent que ceux qui les \u00e9coutent \u00bb a \u00e9t\u00e9 mis en pratique une nouvelle fois avec succ\u00e8s.<\/p>\n<p>Ce syst\u00e8me a vacill\u00e9, s\u2019est en partie r\u00e9organis\u00e9 mais a continu\u00e9 comme par le pass\u00e9 au milieu de l\u2019ignorance g\u00e9n\u00e9rale. Finalement celui qui a eu le plus d\u2019ennuis de la part de la hi\u00e9rarchie judiciaire a \u00e9t\u00e9 le juge Daux.<\/p>\n<p>Le message a \u00e9t\u00e9 re\u00e7u 5 sur 5 : depuis, plus une seule instruction s\u00e9rieuse n\u2019a \u00e9t\u00e9 men\u00e9e \u00e0 son terme et <b>les voleurs de chiens et de chats sont assur\u00e9s de l\u2019impunit\u00e9 depuis pr\u00e8s de 30 ans.<\/b> Le syst\u00e8me normal l\u00e9g\u00e8rement modifi\u00e9 a repris sa marche en avant. Comme pour les paradis fiscaux que tout le monde veut th\u00e9oriquement r\u00e9former, le trafic continue et prosp\u00e8re malgr\u00e9 toutes les belles d\u00e9clarations et promesses.<\/p>\n<p>Pour mettre en place un tel syst\u00e8me d\u2019une redoutable efficacit\u00e9, il faut bien entendu, qu\u2019\u00e0 des postes cl\u00e9s, <b>des hauts fonctionnaires parfaitement au courant des m\u00e9canismes d\u00e9cident de fermer les yeux<\/b> et mettent tout en \u0153uvre pour le bon fonctionnement de ce syst\u00e8me. Tous les d\u00e9tails se trouvent dans le livre \u00ab TRAFIQUANTS DE CHIENS \u00bb publi\u00e9 en 1996.<\/p>\n<p>Certes le temps a pass\u00e9, mais les laboratoires continuent d\u2019utiliser majoritairement des chiens et des chats vol\u00e9s. Le syst\u00e8me de protection est parfaitement bien huil\u00e9 et repose sur la complicit\u00e9 des Minist\u00e8res de l\u2019Agriculture, de la Recherche et de la Justice.<\/p>\n<p>Le syst\u00e8me est confort\u00e9 par une propagande digne du nazisme et appliquant la c\u00e9l\u00e8bre formule de GOEBBELS : \u00ab Plus le mensonge est gros, plus il a de chances d\u2019\u00eatre cru \u00bb. Donc l\u2019administration r\u00e9pond sans cesse : \u00ab tout est parfaitement contr\u00f4l\u00e9, les errements du pass\u00e9 n\u2019ont plus cours \u00bb.<\/p>\n<\/div><div class=\"fusion-title title fusion-title-3 fusion-title-text fusion-title-size-two\"><h2 class=\"title-heading-left fusion-responsive-typography-calculated\" style=\"margin:0;--fontSize:25;line-height:1.5;\">Une forte proportion de fourri\u00e8res fran\u00e7aises (certaines li\u00e9es \u00e0 l\u2019approvisionnement des laboratoires)<\/h2><span class=\"awb-title-spacer\"><\/span><div class=\"title-sep-container\"><div class=\"title-sep sep-double sep-solid\" style=\"border-color:#e0dede;\"><\/div><\/div><\/div><div class=\"fusion-text fusion-text-4\"><p>Plusieurs num\u00e9ros du Courrier de l\u2019ANTAC ont mis en \u00e9vidence l\u2019opacit\u00e9 organis\u00e9e \u00e0 tous les niveaux, en particulier \u00e0 celui du Minist\u00e8re de l\u2019Agriculture, mais avec la bienveillante compr\u00e9hension de la protection animale fran\u00e7aise.<\/p>\n<p>Certes pour l\u2019approvisionnement des labos il est possible de comprendre les difficult\u00e9s d\u2019acc\u00e9der \u00e0 l\u2019information, par contre pour les fourri\u00e8res les conditions sont totalement diff\u00e9rentes car il s\u2019agit d\u2019une d\u00e9l\u00e9gation de service public avec financement des contribuables (pr\u00e8s de 1 euro par habitant) et ces \u00e9tablissements ont une adresse connue o\u00f9 les particuliers devraient pouvoir acc\u00e9der pour rechercher leurs animaux disparus.<\/p>\n<p>Gr\u00e2ce au questionnaire envoy\u00e9 le 15 mars 2014 aux 95 DDPP, \u00e0 leurs 27 r\u00e9ponses (\u00e9crites ou orales), aux 23 non-r\u00e9ponses, \u00e0 une communication t\u00e9l\u00e9phonique avec la DGAL et \u00e0 d\u2019autres informations diverses, une conclusion s\u2019impose.<\/p>\n<p>Le minist\u00e8re organise sciemment l\u2019opacit\u00e9 et l\u2019ignorance que nous venons de d\u00e9crire : deux des fonctionnaires cit\u00e9s dans le livre \u00ab Trafiquants de chiens \u00bb de 1996 (document 2 et 13) connus comme ayant favoris\u00e9 l\u2019approvisionnement des laboratoires en chiens vol\u00e9s ont eu de l\u2019avancement et occupent des fonctions de responsabilit\u00e9 au niveau du Minist\u00e8re de l\u2019Agriculture. Quelle belle carri\u00e8re : en 1990 ils ignoraient la r\u00e9glementation qu\u2019ils \u00e9taient charg\u00e9s de faire appliquer, en 2014 ils sont toujours aussi ignorants et peu curieux !<\/p>\n<\/div><div class=\"fusion-title title fusion-title-4 fusion-title-text fusion-title-size-two\"><h2 class=\"title-heading-left fusion-responsive-typography-calculated\" style=\"margin:0;--fontSize:25;line-height:1.5;\">L\u2019ignorance et l\u2019absence de volont\u00e9 politique de la part des 925 parlementaires fran\u00e7ais.<\/h2><span class=\"awb-title-spacer\"><\/span><div class=\"title-sep-container\"><div class=\"title-sep sep-double sep-solid\" style=\"border-color:#e0dede;\"><\/div><\/div><\/div><div class=\"fusion-text fusion-text-5\"><p>Ainsi, par exemple, apr\u00e8s avoir lu la mission d\u2019information de la D\u00e9put\u00e9e Genevi\u00e8ve Perrin Gaillard sur l&rsquo;identification des chiens et des chats, leur commercialisation et l&rsquo;approvisionnement des centres d&rsquo;exp\u00e9rimentation, vous saviez seulement concernant les labos :<\/p>\n<ul>\n<li>qu\u2019ils n\u2019utilisaient pratiquement plus de chiens vol\u00e9s \u00ab depuis l\u2019intervention d\u2019une r\u00e9glementation plut\u00f4t rigoureuse \u00bb,<\/li>\n<li>que le nombre des chiens exp\u00e9riment\u00e9s \u00e9tait en augmentation de 30% (voir analyse plus d\u00e9taill\u00e9e dans le livre \u00ab ARRETEZ LE MASSACRE \u00bb page 149, chapitre 14 : \u00ab UNE MISSION D\u2019INFORMATION MANIPUL\u00c9E \u00bb.<\/li>\n<\/ul>\n<p>Compte tenu de cette situation, il nous faut \u00e0 tout prix \u00ab INFORMER ET CONVAINCRE \u00bb en commen\u00e7ant bien \u00e9videmment par les amis des animaux.<\/p>\n<\/div><div class=\"fusion-alignright\"><a class=\"fusion-button button-flat fusion-button-default-size button-default fusion-button-default button-1 fusion-button-default-span fusion-button-default-type\" target=\"_self\" href=\"\/\/sosanimauxfrance.org\/?page_id=11966\"><span class=\"fusion-button-text fusion-button-text-right\">Lire la suite \u00ab\u00a0Un trafic ill\u00e9gal, dangereux, inutile et absurde\u00a0\u00bb<\/span><span class=\"fusion-button-icon-divider button-icon-divider-right\"><i class=\" fa fa-chevron-right\" aria-hidden=\"true\"><\/i><\/span><\/a><\/div><div class=\"fusion-clearfix\"><\/div><\/div><\/div><\/div><\/div>\n","protected":false},"excerpt":{"rendered":"","protected":false},"author":1,"featured_media":0,"parent":11977,"menu_order":20,"comment_status":"closed","ping_status":"closed","template":"side-navigation.php","meta":{"footnotes":""},"class_list":["post-11955","page","type-page","status-publish","hentry"],"_links":{"self":[{"href":"https:\/\/sosanimauxfrance.org\/index.php?rest_route=\/wp\/v2\/pages\/11955","targetHints":{"allow":["GET"]}}],"collection":[{"href":"https:\/\/sosanimauxfrance.org\/index.php?rest_route=\/wp\/v2\/pages"}],"about":[{"href":"https:\/\/sosanimauxfrance.org\/index.php?rest_route=\/wp\/v2\/types\/page"}],"author":[{"embeddable":true,"href":"https:\/\/sosanimauxfrance.org\/index.php?rest_route=\/wp\/v2\/users\/1"}],"replies":[{"embeddable":true,"href":"https:\/\/sosanimauxfrance.org\/index.php?rest_route=%2Fwp%2Fv2%2Fcomments&post=11955"}],"version-history":[{"count":9,"href":"https:\/\/sosanimauxfrance.org\/index.php?rest_route=\/wp\/v2\/pages\/11955\/revisions"}],"predecessor-version":[{"id":12149,"href":"https:\/\/sosanimauxfrance.org\/index.php?rest_route=\/wp\/v2\/pages\/11955\/revisions\/12149"}],"up":[{"embeddable":true,"href":"https:\/\/sosanimauxfrance.org\/index.php?rest_route=\/wp\/v2\/pages\/11977"}],"wp:attachment":[{"href":"https:\/\/sosanimauxfrance.org\/index.php?rest_route=%2Fwp%2Fv2%2Fmedia&parent=11955"}],"curies":[{"name":"wp","href":"https:\/\/api.w.org\/{rel}","templated":true}]}}